posite?
True
Is 1204731317 a prime number?
True
Is 94426053259 composite?
True
Is 49001531239 composite?
False
Is 100451801 a prime number?
False
Is 18490103063 prime?
False
Is 12574997737 composite?
False
Is 1374960623 a composite number?
False
Is 16253325293 a composite number?
False
Is 69375073 a composite number?
True
Is 28883760203 composite?
True
Is 6761757313 composite?
True
Is 128257587611 a composite number?
False
Is 55326607 composite?
True
Is 12799340402 a prime number?
False
Is 847915619 composite?
True
Is 107501593859 composite?
True
Is 34608935441 a composite number?
False
Is 324839297 a composite number?
True
Is 161958187 prime?
False
Is 820667483 composite?
True
Is 5566430021 composite?
False
Is 1965680111 prime?
True
Is 91247019847 a prime number?
True
Is 9331619653 prime?
False
Is 2800531633 a prime number?
True
Is 1363387019 composite?
True
Is 568460303 a composite number?
True
Is 165470053 a composite number?
True
Is 3904039577 prime?
True
Is 13762140874 prime?
False
Is 1595721433 a composite number?
True
Is 37776808357 a prime number?
False
Is 4111780567 prime?
False
Is 311448119 composite?
False
Is 146415057683 a prime number?
False
Is 4135670993 a prime number?
True
Is 4113227917 a composite number?
True
Is 534425951 a prime number?
True
Is 10422771539 composite?
True
Is 25956149 prime?
True
Is 24028585741 prime?
False
Is 1893611323 a prime number?
True
Is 27158850035 a prime number?
False
Is 10739342557 a prime number?
True
Is 97786302583 composite?
True
Is 1394750183 composite?
False
Is 12540383969 a prime number?
False
Is 156574591 composite?
False
Is 8803940527 a prime number?
False
Is 525003361 a prime number?
True
Is 6294219923 a composite number?
True
Is 21835770113 a prime number?
False
Is 49188682367 a prime number?
False
Is 838130495 composite?
True
Is 65925028223 composite?
False
Is 2183418397 a composite number?
False
Is 4143319699 composite?
False
Is 1173772163 prime?
False
Is 2830056659 prime?
False
Is 59887589017 composite?
True
Is 6801169819 a composite number?
False
Is 1129330333 composite?
True
Is 172050283 prime?
True
Is 1100356981 composite?
True
Is 2342716553 a composite number?
False
Is 2853919487 prime?
True
Is 2185013771 a prime number?
False
Is 1534436461 prime?
True
Is 9086120839 composite?
True
Is 213483797 a composite number?
False
Is 14130213989 a prime number?
True
Is 1041493681 composite?
False
Is 293577271 composite?
True
Is 774231751 a prime number?
False
Is 1572506153 composite?
True
Is 1308182861 a composite number?
True
Is 2767649089 a prime number?
False
Is 23939636069 a composite number?
False
Is 83906380049 composite?
False
Is 523399763 a composite number?
False
Is 8746165199 prime?
True
Is 5181083069 prime?
True
Is 22285440977 a prime number?
True
Is 1756998431 a prime number?
False
Is 415396183 composite?
True
Is 1212109891 a composite number?
True
Is 2892859667 prime?
False
Is 13118958581 prime?
False
Is 5672683697 composite?
True
Is 297808509 a prime number?
False
Is 896922539 composite?
False
Is 1581949151 a prime number?
False
Is 2174506933 a composite number?
False
Is 8047820641 a prime number?
False
Is 47929338571 a composite number?
True
Is 76560431 prime?
False
Is 327582583 a prime number?
False
Is 46896589153 prime?
True
Is 16954484033 prime?
False
Is 10082714201 a prime number?
False
Is 10292991699 a prime number?
False
Is 187955578 a prime number?
False
Is 1093905199 prime?
True
Is 634152462745 a prime number?
False
Is 161158472347 a prime number?
True
Is 12435523829 composite?
False
Is 4513396333 a composite number?
True
Is 19266065149 prime?
True
Is 136554406867 composite?
False
Is 3378201023 composite?
False
Is 13627154767 a prime number?
True
Is 1172509631 composite?
False
Is 7416582419 a prime number?
False
Is 15868864889 a prime number?
True
Is 522343537 composite?
False
Is 4012548699 a prime number?
False
Is 9011305657 prime?
False
Is 50714537 composite?
False
Is 152282300719 composite?
True
Is 5934612305 composite?
True
Is 131799554 composite?
True
Is 1737050929 prime?
False
Is 60300979 composite?
False
Is 3442687579 a prime number?
False
Is 1210878763 composite?
False
Is 43818526189 prime?
False
Is 1443788711 a composite number?
False
Is 957179654 a composite number?
True
Is 6621472843 a prime number?
True
Is 20004467671 composite?
True
Is 369462227 a prime number?
True
Is 5831366902 composite?
True
Is 17599642727 prime?
False
Is 548136143 a composite number?
True
Is 1945307741 a prime number?
False
Is 51328090981 a composite number?
False
Is 5164188797 prime?
True
Is 689342314 a composite number?
True
Is 380280349 a prime number?
True
Is 458923189 a composite number?
False
Is 212380303891 a prime number?
False
Is 6813434413 a prime number?
True
Is 2193046153 a prime number?
True
Is 1286909659 composite?
True
Is 20441503 a prime number?
False
Is 529082863 a prime number?
False
Is 629281603 composite?
True
Is 3555610697 composite?
True
Is 69001257359 a prime number?
True
Is 1435018217 a prime number?
True
Is 9985522457 a prime number?
True
Is 81705310321 prime?
True
Is 1287435287 composite?
False
Is 2933419493 a prime number?
True
Is 12311128429 prime?
False
Is 545784913 a prime number?
False
Is 16030481801 a composite number?
True
Is 10280816123 prime?
True
Is 14595355051 composite?
True
Is 7077952741 a prime number?
True
Is 944342137 composite?
False
Is 55452719 a composite number?
True
Is 1276943615 a prime number?
False
Is 252330307 composite?
False
Is 1007669071 a prime number?
True
Is 114374753 a prime number?
False
Is 6128167231 a prime number?
False
Is 34069705379 a prime number?
False
Is 762642766 composite?
True
Is 34972706381 prime?
False
Is 4098189493 a composite number?
True
Is 3169571557 a composite number?
True
Is 205857599 a prime number?
True
Is 5902312319 composite?
True
Is 30882167509 a composite number?
False
Is 21797853359 composite?
True
Is 125768537 prime?
True
Is 44997298111 a prime number?
True
Is 280949633 a prime number?
False
Is 871404997 prime?
False
Is 6853428553 a prime number?
False
Is 99923325785 composite?
True
Is 27002939 prime?
False
Is 1607541623 a composite number?
True
Is 1891315617 a prime number?
False
Is 4948728857 prime?
False
Is 684929341 a prime number?
True
Is 1359031019 a composite number?
True
Is 5700196157 a composite number?
False
Is 1333225213 a prime number?
True
Is 345552707 prime?
False
Is 396779347 prime?
True
Is 379723772801 a composite number?
False
Is 5160929069 prime?
True
Is 87576202267 a composite number?
True
Is 49757244833 a prime number?
False
Is 204910829 prime?
True
Is 201049399 a composite number?
True
Is 59970806069 prime?
True
Is 115050747587 composite?
False
Is 37261434047 prime?
False
Is 909431359 a composite number?
False
Is 8798132743 prime?
False
Is 293578471 a composite number?
False
Is 22797186743 a prime number?
False
Is 66075732011 composite?
False
Is 362075017 a prime number?
False
Is 83382905647 a composite number?
False
Is 13184342693 prime?
False
Is 4790937037 prime?
True
Is 55249930583 a prime number?
True
Is 285256087 a prime number?
True
Is 35663053 composite?
False
Is 21826498 a prime number?
False
Is 1932039601 a composite number?
False
Is 185590163951 a prime number?
True
Is 828447811 a composite number?
False
Is 16206843727 a composite number?
False
Is 386507519 prime?
False
Is 992893717 composite?
True
Is 464721373 a composite number?
False
Is 12321676559 composite?
True
Is 1436925169 composite?
True
Is 43324559 a prime number?
False
Is 3492370697 composite?
False
Is 15705662831 a prime number?
False
Is 1128267197 a composite number?
True
Is 8410185233 prime?
True
Is 796965079 prime?
True
Is 2448329539 prime?
True
Is 295050697 a composite number?
True
Is 3189463699 composite?
True
Is 49740881 a prime number?
False
Is 22578283331 a prime number?
False
Is 38901593033 a prime number?
False
Is 801612437 a composite number?
True
Is 3425333593 composite?
True
Is 8287492567 composite?
True
Is 8761675103 composite?
True
Is 56127713 composite?
False
Is 727794097 a prime number?
True
Is 99123373 a composite number?
True
Is 318970283 a prime number?
False
Is 215524139 prime?
True
Is 226305493 composite?
False
Is 343241623 composite?
False
Is 46715953963 a composite number?
True
I